 14 and 20041?
7
Calculate the highest common divisor of 13443 and 105.
3
What is the highest common factor of 93130 and 4958?
134
Calculate the highest common divisor of 984 and 388311.
123
Calculate the greatest common divisor of 10397 and 6463.
281
What is the greatest common divisor of 156 and 1280227?
13
What is the highest common factor of 1400 and 17550?
50
Calculate the greatest common divisor of 296508 and 84.
12
What is the highest common divisor of 1793 and 13040?
163
Calculate the highest common divisor of 31065 and 2289.
327
Calculate the highest common divisor of 30800 and 2288.
176
Calculate the greatest common factor of 1469820 and 425.
85
What is the highest common divisor of 5532 and 18901?
461
What is the greatest common factor of 64 and 31424?
64
Calculate the highest common divisor of 112 and 817992.
56
What is the greatest common factor of 781 and 8094?
71
What is the greatest common divisor of 175 and 4429075?
175
What is the greatest common factor of 99 and 1764?
9
What is the highest common divisor of 403793 and 377?
13
Calculate the highest common factor of 730 and 250.
10
Calculate the highest common divisor of 21242 and 12350.
494
What is the highest common factor of 666 and 138972?
222
Calculate the highest common divisor of 93245 and 3145.
85
What is the highest common divisor of 28593 and 2471?
353
What is the highest common divisor of 195840 and 17568?
288
Calculate the highest common factor of 6147 and 4221.
9
What is the greatest common divisor of 18135 and 37107?
279
What is the highest common divisor of 2055 and 1440?
15
Calculate the greatest common factor of 657 and 75336.
219
Calculate the greatest common factor of 27216 and 90.
18
Calculate the greatest common factor of 73776 and 212.
212
Calculate the highest common divisor of 1940 and 13289.
97
What is the greatest common divisor of 27918 and 216?
54
What is the highest common factor of 24 and 3063?
3
Calculate the highest common divisor of 39998 and 14.
14
Calculate the highest common divisor of 1601007 and 69.
69
What is the highest common divisor of 222449 and 38099?
1229
What is the greatest common factor of 130304 and 32?
32
What is the greatest common divisor of 4874709 and 21?
21
What is the greatest common factor of 2675 and 725?
25
What is the greatest common factor of 78 and 3639142?
26
What is the highest common divisor of 224 and 14848?
32
What is the greatest common factor of 19127528 and 532?
532
Calculate the highest common factor of 310 and 8471990.
310
What is the highest common factor of 119796 and 132?
12
Calculate the greatest common factor of 1036 and 45436.
148
What is the greatest common factor of 1093195 and 5?
5
What is the highest common factor of 346 and 126809?
173
What is the highest common factor of 2625 and 385?
35
Calculate the greatest common divisor of 906 and 33222.
6
What is the highest common factor of 655 and 435?
5
Calculate the greatest common divisor of 120 and 36615.
15
Calculate the greatest common divisor of 180690 and 1500.
30
Calculate the highest common divisor of 263571 and 735.
147
What is the greatest common factor of 425182 and 670?
134
What is the highest common divisor of 26200 and 49400?
200
Calculate the greatest common factor of 22 and 7942.
22
What is the greatest common factor of 165 and 2083895?
55
Calculate the highest common divisor of 2169 and 44487.
9
Calculate the highest common factor of 1170 and 1530.
90
Calculate the greatest common factor of 29160 and 675.
135
Calculate the greatest common factor of 189 and 45927.
189
What is the greatest common divisor of 1693384 and 308?
308
What is the greatest common divisor of 486 and 20466?
54
What is the highest common divisor of 728010 and 90?
90
What is the highest common factor of 36022 and 166?
166
What is the greatest common factor of 9 and 826524?
9
What is the greatest common divisor of 6370 and 805?
35
Calculate the highest common factor of 1384965 and 135.
135
What is the highest common divisor of 100423 and 65943?
431
What is the highest common factor of 32 and 2695456?
32
Calculate the highest common divisor of 525 and 40755.
15
What is the greatest common factor of 2499235 and 955?
955
What is the highest common factor of 173 and 696152?
173
What is the highest common factor of 682 and 18600?
62
Calculate the highest common divisor of 98020 and 7250.
290
What is the highest common divisor of 11016 and 38658?
102
What is the greatest common divisor of 65 and 124787?
13
What is the highest common divisor of 6405 and 4941?
183
Calculate the highest common factor of 13968 and 4464.
144
Calculate the greatest common factor of 19837 and 415.
83
Calculate the greatest common divisor of 4536384 and 1344.
192
What is the highest common divisor of 115 and 50094?
23
What is the greatest common factor of 98448 and 2016?
336
Calculate the highest common factor of 409255 and 385.
385
Calculate the greatest common factor of 63776 and 64.
32
Calculate the greatest common divisor of 2652 and 12532.
52
What is the highest common factor of 34304 and 1417184?
2144
Calculate the highest common factor of 50 and 313770.
10
What is the highest common divisor of 1773122 and 130?
26
What is the highest common divisor of 193347 and 899?
31
What is the greatest common factor of 106994 and 976?
122
What is the greatest common factor of 104223 and 294?
147
What is the greatest common divisor of 4 and 382?
2
What is the highest common divisor of 406 and 42282?
58
Calculate the greatest common factor of 43307 and 2449.
31
Calculate the highest common factor of 650 and 12870.
130
What is the highest common divisor of 215614 and 56?
14
Calculate the greatest common divisor of 6845 and 33485.
185
Calculate the highest common factor of 26708 and 4466.
22
Calculate the highest common divisor of 6642 and 10496.
82
Calculate the highest common factor of 190720 and 100.
20
Calculate the highest common factor of 32 and 79808.
32
Calculate the greatest common factor of 556463 and 344.
43
Calculate the highest common divisor of 102349 and 117.
13
What is the highest common factor of 4513 and 49?
1
What is the highest common factor of 2 and 3691?
1
What is the highest common divisor of 46284 and 103341?
399
Calculate the highest common divisor of 1298 and 76142.
22
Calculate the highest common divisor of 91 and 525.
7
Calculate the highest common factor of 6837 and 12243.
159
What is the highest common factor of 50 and 193400?
50
Calculate the greatest common factor of 29237 and 2704.
169
What is the highest common divisor of 627 and 13566?
57
What is the greatest common factor of 41500 and 750?
250
Calculate the highest common factor of 33154 and 363.
121
Calculate the greatest common divisor of 91 and 67379.
13
Calculate the highest common factor of 546 and 29848.
182
Calculate the highest common factor of 165604 and 152.
76
What is the greatest common factor of 19 and 27?
1
Calculate the highest common divisor of 101465 and 14560.
455
Calculate the highest common factor of 27676 and 132.
44
Calculate the highest common divisor of 26730 and 25542.
594
What is the greatest common divisor of 726 and 4202?
22
What is the greatest common divisor of 51 and 675?
3
What is the greatest common factor of 304062 and 7854?
1122
Calculate the highest common factor of 321408 and 336.
48
Calculate the greatest common factor of 4284 and 1292.
68
Calculate the highest common divisor of 768 and 6672.
48
Calculate the greatest common factor of 2321 and 15403.
211
What is the greatest common divisor of 6517 and 31521?
133
What is the greatest common divisor of 40079 and 26?
13
What is the greatest common divisor of 15370 and 40?
10
Calculate the greatest common factor of 418428 and 177.
177
What is the greatest common divisor of 27 and 199449?
27
Calculate the highest common divisor of 290 and 185890.
290
Calculate the highest common factor of 308670 and 480.
30
Calculate the greatest common divisor of 128 and 193704.
8
Calculate the highest common divisor of 1653 and 3071825.
551
What is the greatest common factor of 4355 and 13?
13
Calculate the highest common factor of 298383 and 1896.
237
What is the highest common divisor of 72 and 156?
12
What is the greatest common factor of 364 an